{"id":19,"date":"2023-11-18T15:48:37","date_gmt":"2023-11-18T14:48:37","guid":{"rendered":"http:\/\/incognitoband.cz\/?page_id=19"},"modified":"2023-12-31T16:24:53","modified_gmt":"2023-12-31T15:24:53","slug":"kalendar","status":"publish","type":"page","link":"http:\/\/incognitoband.cz\/index.php\/kalendar\/","title":{"rendered":"Kalend\u00e1\u0159"},"content":{"rendered":"\n<h2 class=\"wp-block-heading\">Kalend\u00e1\u0159 akc\u00ed<\/h2>\n\n\n\n<div style=\"height:21px\" aria-hidden=\"true\" class=\"wp-block-spacer\"><\/div>\n\n\n<div id=\"vsel\" class=\"vsel-shortcode vsel-shortcode-upcoming-events\"><p class=\"vsel-no-events\">No events are found.<\/p><\/div>","protected":false},"excerpt":{"rendered":"<p>Kalend\u00e1\u0159 akc\u00ed<\/p>\n","protected":false},"author":2,"featured_media":0,"parent":0,"menu_order":0,"comment_status":"closed","ping_status":"closed","template":"page-no-title","meta":{"_piecal_is_event":false,"_piecal_start_date":"","_piecal_end_date":"","_piecal_is_allday":false,"footnotes":""},"class_list":["post-19","page","type-page","status-publish","hentry"],"_links":{"self":[{"href":"http:\/\/incognitoband.cz\/index.php\/wp-json\/wp\/v2\/pages\/19","targetHints":{"allow":["GET"]}}],"collection":[{"href":"http:\/\/incognitoband.cz\/index.php\/wp-json\/wp\/v2\/pages"}],"about":[{"href":"http:\/\/incognitoband.cz\/index.php\/wp-json\/wp\/v2\/types\/page"}],"author":[{"embeddable":true,"href":"http:\/\/incognitoband.cz\/index.php\/wp-json\/wp\/v2\/users\/2"}],"replies":[{"embeddable":true,"href":"http:\/\/incognitoband.cz\/index.php\/wp-json\/wp\/v2\/comments?post=19"}],"version-history":[{"count":48,"href":"http:\/\/incognitoband.cz\/index.php\/wp-json\/wp\/v2\/pages\/19\/revisions"}],"predecessor-version":[{"id":666,"href":"http:\/\/incognitoband.cz\/index.php\/wp-json\/wp\/v2\/pages\/19\/revisions\/666"}],"wp:attachment":[{"href":"http:\/\/incognitoband.cz\/index.php\/wp-json\/wp\/v2\/media?parent=19"}],"curies":[{"name":"wp","href":"https:\/\/api.w.org\/{rel}","templated":true}]}}